of m?
8
Suppose 2*c - r - 302 = 0, -749 = -5*c + 3*r + r. What is the hundreds digit of c?
1
Let x(g) = g**3 - 4*g**2 + 6*g - 9. Let a be x(3). Suppose a = -4*s - 4, 2*d - 292 + 76 = -2*s. What is the units digit of d?
9
Suppose -4*j + l - 4*l = -38, 2*j = -l + 18. Let g(s) = -4*s**3 + 9*s**2 + 11*s + 3*s**3 + 1 - 2*s**2. What is the tens digit of g(j)?
2
What is the thousands digit of 870/(-58)*1106/(-6)?
2
Suppose 6*h - 10 = h. Suppose 3*z + h*z = 125. Suppose -2*l - 5*i = l - z, 20 = -5*i. What is the tens digit of l?
1
Let t be (6 - -1)*(1 + (2 - -121)). Suppose -d + 5*d = t. What is the tens digit of d?
1
What is the tens digit of -417*(-5)/15 + 5?
4
Suppose -32*l - 1064 = -3752. What is the units digit of l?
4
Let d(b) = 3*b**2 - 4*b - 9. Let w be (10 - (3 + -3))/(-2). What is the tens digit of d(w)?
8
Let j be ((-1)/(1/6))/(78/(-104)). Let q(l) = 11*l + 14. What is the tens digit of q(j)?
0
Suppose -3*p - 94 = 5*u, 2*p - 5*u = -0*p - 96. Let f = -54 + 30. Let q = f - p. What is the units digit of q?
4
What is the tens digit of ((-162)/42 + 1)/((-6)/1806)?
6
Let p = -68 + 70. What is the units digit of (-3)/(413/105 + p*-2)?
5
Suppose -5*s + 10*s = 0. Let u = s - -84. What is the tens digit of u?
8
Let v = -5 + 2. Let d be ((-1)/2)/(v/(-48)). Let y(s) = -6*s + 18. What is the units digit of y(d)?
6
Let y = -16 - -5. Let o = y + 13. Suppose -36 = -o*k - 2*h, 3*h = -k + 6 + 20. What is the units digit of k?
4
Let q = 7030 - 3112. What is the units digit of q?
8
Let w(q) = -q - 1. Let v be w(1). Let l = 1 + v. What is the tens digit of (-22)/1*(0 + l)?
2
Let p be (-40)/(-2)*6/15. Let k be (-10)/2*p/(-10). What is the tens digit of (9/(-4))/(k/(-112))?
6
Let s(v) be the third derivative of -v**4/24 - 13*v**3/6 + 10*v**2. Let x be s(-12). Let o(a) = 58*a**2 + a. What is the tens digit of o(x)?
5
Suppose -3*a = a - 16. Suppose a*h - 108 = 2*k, -2*k - 3*k = -h + 45. What is the units digit of h?
5
Let q(l) = 72*l**3 + 6*l**2 - 14*l + 4. What is the hundreds digit of q(3)?
9
Let w = -1336 - -1982. What is the tens digit of w?
4
Suppose 4125 = 4*z + z - 5*j, 2*z - 1656 = 4*j. What is the tens digit of z?
2
Let r(d) be the second derivative of 29/2*d**2 + 1/6*d**3 + 0 + d. What is the tens digit of r(-13)?
1
Suppose b = 1, -7*b - 26 = 2*x - 3*b. Let f = 35 + x. What is the tens digit of f?
2
Let o = 780 + -193. What is the tens digit of o?
8
Suppose 0 = p + 4*p + 75. Let t = 3 - p. Suppose 0 = 4*d - d - t. What is the units digit of d?
6
Suppose 4*o - 27 - 1 = 3*g, 5*o - 13 = g. Let i(j) = j**2 + 8*j + 7. What is the units digit of i(g)?
7
Let d(x) = -6*x**2 - 3*x - 2. Let m be d(-1). What is the units digit of (-498)/m - 1*(-16)/40?
0
Let x(d) = -d**3 - 15*d**2 - d + 2. Let t(k) = k**2 - 21*k + 39. Let j be t(18). What is the tens digit of x(j)?
1
Let b = -17 + 21. Suppose 0 = b*r - 2*r - 82. Suppose 0 = -5*h - 3*y + 63, -5*y + r = h + 2*h. What is the units digit of h?
2
What is the units digit of (224/70)/(2/245)?
2
Let q(w) = 100*w + 540. What is the tens digit of q(20)?
4
What is the tens digit of 174 - (0/5 + -3)?
7
Let q(g) = g**3 + 7*g**2 + 6*g + 3. Let p be 6 + -11 + 1/(-1). Let v be q(p). Suppose 5*m - d - d - 74 = 0, v*m - 34 = -4*d. What is the units digit of m?
4
Let c be 38/9 + 40/(-180). Let k be (c - 0) + (-36)/12. What is the units digit of k/2 + 549/18?
1
Suppose -4*d = b - 3*b - 34, 6 = d + 2*b. What is the tens digit of 2922/48 + 1/d?
6
Let h = 16 + -18. Let r be -3*h/(-6) - -113. Let z = r + -59. What is the units digit of z?
3
Let p(l) = 32*l**2 - 30*l - 336. What is the units digit of p(-10)?
4
Let i be (3*1)/(1/77). Suppose 5*v - 1346 = -i. What is the hundreds digit of v?
2
Suppose 3*h + 12 = 0, 0 = 6*x - 7*x + h + 521. What is the hundreds digit of x?
5
Let x(q) = q**2 - 7*q - 2. Let k be x(8). Let v be 16/(-24) + 4/k. Suppose 2*w - 12 = 2*a, 2*w + a - 2*a - 11 = v. What is the units digit of w?
5
Suppose 8*v = 7072 - 1168. What is the tens digit of v?
3
Let p be -1 + -1 + 7 + -3. Let v be (p/(-1))/((-6)/9). Suppose 150 = v*l + 21. What is the tens digit of l?
4
Let z(l) = 19*l + 2. Let i be z(2). Let u = 19 - i. What is the tens digit of u*2/(-4)*2?
2
Let f(o) = o**3 + 15*o**2 + o + 9. What is the tens digit of f(-14)?
9
Let q(n) = 15*n**3 - 2*n + 1. Suppose 3*l - 3*m = 6, l = -l - 3*m - 1. Let u be q(l). Suppose u*s + 240 = 17*s. What is the tens digit of s?
8
Let j be 183/2 - (-20)/40. Let n = j + -48. What is the tens digit of n?
4
Suppose -4299 = -17*v + 5187. What is the tens digit of v?
5
Let d = 2327 - 758. What is the thousands digit of d?
1
Let n = -78 + 777. What is the hundreds digit of n?
6
Suppose 3*q = 9 - 3. Suppose o + 13 = q*o. What is the tens digit of o?
1
Suppose 41 = 3*i - 5*u, -5*u - 25 = -4*i + 33. Let l = -1 + i. What is the units digit of l?
6
Suppose -3*u + 22 = 2*d - 27, 0 = -3*d - 3. What is the units digit of u?
7
Suppose 5*s + 3*o = 5*o - 15, 2*s = 4*o - 22. Let f be 4/10*5 - s. Suppose x - 3 = 4*x + f*q, 0 = q + 2. What is the units digit of x?
1
Suppose -5*a + 888 = -20*j + 21*j, -4*a = -3*j + 2626. What is the hundreds digit of j?
8
Suppose 4*b = -5*z - 30, 0 = b + z + 12 - 5. Let c(i) = 2*i**2 + 5*i - 3. What is the units digit of c(b)?
2
Suppose 4*c - 9 = 5*c. Let d(x) = -x**3 - 37 + 7*x + 16 + 9 - 8*x**2. What is the units digit of d(c)?
6
Let j(g) = -g**3 + g**2 + g + 1. Let p(k) = -3*k**3 - 10*k**2 + 3*k - 16. Let t(q) = 4*j(q) - p(q). What is the hundreds digit of t(12)?
3
Suppose 4*h = 3*y + 5*h + 51, h - 57 = 3*y. Let t = -10 - y. Suppose -2*m + 14 = -t. What is the units digit of m?
1
What is the tens digit of 17415/(-86)*(-108)/10?
8
Suppose 15*j + 30 = 2*n + 12*j, 3*n + 2*j = 45. Let l be (2/5)/((-1)/5). What is the units digit of ((-70)/n)/(l/3)?
7
Let d(z) = 5*z - z**3 + 5 - 9*z**2 - 13 + 2. Let a be d(-10). Suppose 3*n + 75 = 3*u, 4*n + a = -5*u + 142. What is the tens digit of u?
2
Let h(t) = 1 - 10*t**2 + 7*t + 9*t**2 - 4. Let z be h(5). Suppose -9*a + z*a = -22. What is the units digit of a?
1
Suppose 3*i + 0*v - 735 = -3*v, 3*v = 4*i - 945. Suppose -4*j + j + i = 0. What is the units digit of j?
0
Suppose 0 = -4*x - 3*v + 1760, v = 5*v. What is the units digit of x?
0
Let t(m) = -m**3 - m**2 + 1. Let v(f) = -67*f**3 - 5*f**2 - 4*f. Let u(h) = -2*t(h) + v(h). What is the units digit of u(-1)?
4
Let f be 290/2 + 1 + (0 - 1). Let u be (-10)/(-25) + 402/(-5). Let b = f + u. What is the units digit of b?
5
Suppose 5*y + 25 = 0, c + 2*y - 334 = 240. What is the hundreds digit of c?
5
Suppose -g + 0*g + 7 = 4*z, -5 = -z + 3*g. What is the units digit of 1*z - (-783)/9?
9
Suppose 0 = 27*u - 28*u + 3. Suppose u*j = 3, 0*j - 3*j = -2*k + 45. What is the units digit of k?
4
Let u = 1807 + -404. What is the units digit of u?
3
What is the hundreds digit of 10/6 + 1942/3?
6
Suppose -8*n + 3*n = -25. Suppose 4*b - 121 + 23 = 2*z, z = n. What is the tens digit of b?
2
Suppose 4*y - 292 = 4*r, 3*y + 2*y - 365 = -5*r. Let o = y + -19. What is the units digit of o?
4
Suppose 4*p - 32 = 2*s + 14, 5*s - 81 = -4*p. Suppose -4*a + p = 2. What is the units digit of a?
3
Suppose 2*q - 1544 - 7000 = -2*c, c = 5*q - 21354. What is the thousands digit of q?
4
Let g = 18 + 71. Let q = g + -10. What is the tens digit of q?
7
Let k = -195 + 184. Let u(v) = v**2 + 19. Let d be u(0). Let n = d + k. What is the units digit of n?
8
Let y(o) = -3*o - 16. Let k(g) = g**2 + 14*g + 30. Let b be k(-10). What is the units digit of y(b)?
4
Suppose -5 = 5*c - 5*x, -5*x + 11 = 4*c - 21. Suppose -c*j + 40 = 2*k - k, -j - 2*k = -5. What is the units digit of j?
5
Suppose q + 1 = -2, -320 = 5*f + 5*q. Let d = f - -194. What is the units digit of d?
3
Let x be -1*(-13 - (-6)/(-3)). Let w(g) = -g**2 + 19*g - 8. Let b be w(x). Suppose 2*q - 58 = -5*n, 2*q = -0*n - 2*n + b. What is the tens digit of q?
2
Let s(r) be the first derivative of -r**3/3 - r**2/2 + r + 1. Let m be s(0). What is the tens digit of 23/(1 - -1 - m)?
2
Let z(t) = t. Let l(r) = -r**2 - 5*r + 4. Let y(q) = -l(q) + z(q). Let n be y(4). Let b = n + -5. What is the units digit of b?
1
Let g(y) = -2*y + 164. What is the units digit of g(14)?
6
Let l(z) = 16*z**2 - 3*z - 2. Let j = 65 + -62. What is the hundreds digit of l(j)?
1
Let z(w) = 12*w**2 + 